 = 671 - 2056. Is l composite?
False
Suppose -5*r + 686 + 429 = 0. Is r a prime number?
True
Suppose 1239 + 285 = 4*v. Is v prime?
False
Let i(v) be the second derivative of v**5/20 - 5*v**4/24 + v**3/6 + v. Let l(u) be the second derivative of i(u). Is l(4) a prime number?
True
Suppose 4*w + 229 = f, 0 = 5*f - 5*w - 513 - 707. Suppose 6*r - f = 3*r. Is r a prime number?
True
Let k be (6/5)/(18/60). Suppose -k*g + j + 268 = 5*j, 67 = g + 5*j. Is g a composite number?
False
Let j = -142 + 327. Is j composite?
True
Suppose -t - 5*m = -185, -2*m - 740 = -4*t - 0*m. Is t a prime number?
False
Suppose 3*k - 4*p = 1211, 3*p = k - 0*p - 412. Is k a prime number?
True
Suppose -3*s - 682 = -5*s - 2*u, 4*u + 658 = 2*s. Is s prime?
True
Let j = -2 - -5. Suppose j*f - 4*f = 0. Suppose -h + 0*h + 53 = f. Is h prime?
True
Let a(x) = -23 - x + 21 - 6*x. Let p be ((-6)/(-4))/((-1)/2). Is a(p) a prime number?
True
Let g = 963 - 644. Is g composite?
True
Suppose -z = -3*v - 81, 4*z + 5*v + 58 = 314. Is z prime?
False
Suppose -2*p - 20 = -4*o + 3*o, 4*p = -2*o. Let n be 1 + 0 - (-14 + 12). Let t = o - n. Is t a prime number?
True
Let x(h) = 18*h**2 + 2*h - 1. Is x(3) prime?
True
Suppose 5*q + p - 734 = 4*p, 0 = 5*q - 5*p - 740. Suppose -14 = -3*w + q. Let h = w - 31. Is h composite?
True
Is 302*8 - (-7 - -10) a composite number?
True
Let s(y) = -19*y + 5*y - 3 - 17*y. Is s(-10) a composite number?
False
Let v(n) = -n**3 - 9*n**2 - 4*n - 5. Let j = -5 - 3. Let b be v(j). Let x = b - -60. Is x prime?
True
Let j(s) = -2 + 11*s - 9 + 1. Is j(9) a composite number?
False
Suppose -2*b = 4*i - 0*b + 110, 5*b + 59 = -2*i. Let c = -10 + 4. Is (-29)/(-9) - c/i a composite number?
False
Suppose 1241 + 59 = 5*r. Suppose 4*t + t - r = -3*p, p - 50 = -t. Is t prime?
False
Suppose -q = -d - 0*q - 3, -5*d - 9 = -3*q. Suppose d = -3*h - h - 264. Let z = 197 + h. Is z prime?
True
Let m(l) = -30*l - 13. Is m(-19) a composite number?
False
Suppose 5*s - 3*w + 149 = 943, -15 = 5*w. Is s composite?
False
Suppose -14*l - 508 = -18*l. Is l composite?
False
Suppose -4*x - 4*y = -0*x - 1688, 3*x - 1245 = 4*y. Suppose -5*j + x = 2*i, 5*j - 122 = 3*i + 312. Is j a prime number?
False
Let j(p) = p**2 - 7*p - 4. Let g be j(8). Is 1*-21*(3 - g) composite?
True
Let l = 74 + 113. Is l a composite number?
True
Suppose 1572 = -4*l - 4*c, -1569 = 4*l + c + 4*c. Let t = l + 793. Is t prime?
True
Is (-1)/(669/(-222) - -3) a prime number?
False
Let z(n) = 3*n**3 + n**2 + n - 1. Is z(6) a prime number?
False
Suppose -d - 1603 = -3*n - 534, 3*n + 4*d = 1049. Suppose 3*l + 5*v - 79 = 2*l, -5*l = 5*v - n. Is l a prime number?
False
Let x(h) = h**3 + h**2 + 4. Let r be x(0). Let z be (0 - 0)/(r/(-4)). Is z + 0 + -2 + 193 a prime number?
True
Suppose -2*s + 3*l + 5 = 0, 4*s - 4 = 4*l + 4. Let q(m) = 31*m**2. Let w be q(s). Suppose w = 2*f - f. Is f a prime number?
True
Suppose 4*q = -4*c + 21048, -c + 2*q = -0*q - 5247. Is c a prime number?
False
Let w(g) = -g**2 + g + 3. Let b be w(0). Suppose -i + 176 = b*t - 0*i, 3*i = 3*t - 180. Is t a composite number?
False
Suppose 2*a - 36 - 342 = 4*v, 3*v = -3. Is a composite?
True
Suppose -278 = -4*o + 2*o - 4*w, -5*w = -o + 104. Let y = o + -67. Is y a prime number?
False
Let u(l) = 2*l**2 - 3*l + 2. Is u(7) a composite number?
False
Let f(g) = 2*g**2 - 3*g + 1. Let m be f(2). Suppose m*j = -0*j + 531. Suppose -4*s + j = -0*p + 3*p, -3*s - 236 = -4*p. Is p a composite number?
False
Let j(m) = 7*m**2 - 13*m + 21. Is j(14) prime?
False
Is 3 + 1774/1 - 0 a composite number?
False
Suppose -2*u + 9 = -1. Suppose 3*q + 0*q = 2*c - 19, -u*q + 1 = -c. Is c composite?
True
Suppose 5*i = -3 + 193. Let n be (4 + -1)*8/6. Is (2 + 0)*i/n a prime number?
True
Let l = -2 - 1. Let b be -3*(-2)/(-3) - -14. Let h = b + l. Is h a prime number?
False
Let v(a) = -a**2 - a. Let c be v(2). Let o(y) = 4*y - 15. Let b be o(6). Is c/b - 14/(-3) a composite number?
True
Let a = -11 - -16. Suppose 5*w + g - 672 = 0, -a*g - 24 = -3*w + 368. Is w a composite number?
True
Suppose -a + 719 = -0*a. Is a composite?
False
Let g(p) = -2*p**3 - 6*p**2 - 4*p - 4. Let d be g(-5). Suppose 5*k + d = 441. Is k composite?
True
Let r(i) = -i**3 + 19*i**2 + 41*i - 23. Is r(18) composite?
False
Suppose -2*y + y - 2*w + 683 = 0, -2712 = -4*y + 2*w. Is y a prime number?
False
Let u = 4 - 1. Suppose 2*q + 225 = -u*q. Let w = q - -110. Is w composite?
True
Suppose -2*m + 6507 = -991. Is m composite?
True
Let v(m) be the second derivative of m**4/3 - 5*m**3/6 - 7*m**2/2 - 8*m. Is v(-4) a prime number?
False
Let x = -4517 - -13752. Is x prime?
False
Let h = -61 - -158. Is h composite?
False
Suppose 4875 = 5*j - i, i + 3 + 2 = 0. Is j prime?
False
Let q(b) = -18 + 11*b + 18. Is q(2) a prime number?
False
Suppose m = -x + 2*x - 31, -m + 144 = 4*x. Suppose 2 = -3*a + x. Is a prime?
True
Suppose -23*n + 22*n = -2. Is n a prime number?
True
Let m be 1551/9 + 6/9. Let y = -96 + m. Is y a prime number?
False
Suppose 2*z - 5*h = -6*h + 1316, -2*h - 1322 = -2*z. Is z a composite number?
False
Let r be -326*1*2/4. Is r/(-3) + 12/18 a prime number?
False
Let q be (-1 - -4) + 1 + -7. Is 14/q*(-93)/2 a prime number?
False
Is (-5 - (4 + -3399)) + -1 a composite number?
False
Suppose 5*p - 3*h = 2*h + 305, 280 = 4*p + 5*h. Is p a prime number?
False
Suppose g = 2*g + 2*l - 7, 0 = 4*g + 2*l - 22. Suppose -g*d = 2*v - 427, -d + v = 2*d - 265. Is d composite?
True
Suppose 5*u = 211 + 64. Is u a composite number?
True
Is 78 - ((-63)/(-18) + 2/4) a prime number?
False
Let h(p) = 17*p. Suppose 5*g - 29 = -2*m - 7, -2*g - 44 = -4*m. Is h(m) composite?
True
Suppose g - 21 = -69. Let m = -25 - g. Is m a composite number?
False
Let l(n) = 7*n - 29. Is l(16) a composite number?
False
Let w(h) = -h**3 - h + 4. Let b be w(0). Suppose 6*x = 2*x + b*g + 32, 2*x + g = 1. Suppose -3*y + 3*r + 429 = r, -4*y - x*r = -555. Is y a composite number?
True
Let n(x) = -26*x**3 - 2*x**2 - 2*x - 1. Let c = -3 + 2. Let k be n(c). Suppose -l + 4*b = b - k, -5*b - 50 = -2*l. Is l composite?
True
Let l(f) = f**3 - 26*f**2 - 53*f - 10. Is l(28) a prime number?
False
Let d(b) = b**2 + 10. Is d(-9) prime?
False
Suppose z - 124 = 5*a + 3, -381 = -3*z + 3*a. Is z prime?
True
Let m = 114 - 65. Let r = 322 + m. Is r prime?
False
Let b = -1 - -7. Let k be (-8)/(-12)*b/1. Suppose 0 = -3*j + k*i + 23, -j = i - 17 - 0. Is j composite?
False
Let r(b) = 3*b + 10. Let q be r(-10). Is 12/q + 2936/10 a composite number?
False
Suppose 3*f + h = -3*h + 67, 4*f + 4*h - 88 = 0. Is f prime?
False
Suppose -2*w + 5*w - 3 = 0. Let m be ((-15)/9)/(w/(-117)). Is m/4 + 3/12 a prime number?
False
Let m(w) = -1. Let t(o) = 16*o + 8. Let f(c) = -3*m(c) + t(c). Is f(8) prime?
True
Let s = -49 + 21. Let d = s + 40. Is (-107)/(-5) + d/(-30) composite?
True
Let o = 2034 - 1403. Is o prime?
True
Let s be ((-9)/6 + 2)*-6. Let f = 3 - s. Let t(w) = 4*w**2 - w + 7. Is t(f) a composite number?
True
Suppose 2*x = 6*x - 104. Is x a prime number?
False
Suppose -4*g + 961 = -363. Is g composite?
False
Let j(a) = -a**3 + 5*a**2 + 4*a + 8. Let g be 6/7*1*7. Let p be j(g). Let c = p + 6. Is c a composite number?
False
Suppose 3*k + 2*k + 205 = 5*p, 5*k = 2*p - 67. Is p a prime number?
False
Let a(f) = f**3 - 6*f**2 + 7*f + 4. Let z be a(6). Suppose 99 = j - z. Is j a prime number?
False
Let i(m) = 4*m + 2. Let j be i(3). Suppose 0 = 3*l - x - 64, 3*x + 2*x = -4*l + 60. Let g = l - j. Is g a composite number?
True
Let q(y) be the second derivative of -y**4/6 - y**3/3 + y**2 - 2*y. Let k be q(-3). Let r = 0 - k. Is r composite?
True
Let r = 6893 + -2256. Is r prime?
True
Let d = 699 - 448. Is d a composite number?
False
Suppose -v = 2*n - 32 - 111, 4*n - 283 = v. Is n a composite number?
False
Let u = 41 + -16. Is u composite?
True
Let s = 5 + -3. Suppose 0 = -s*b + b - t - 4, 2 = -5*b + t. Is 0 + (-3 - b - -55) composite?
False
Let w(g) = -g**3 - 5*g**2 + 5*g - 4. Let y be w(-6). Suppose 5*d = -y*s + 188, -5*d + 111 + 73 = s. Suppose -3*z = -15, j - 19 = 2*z + d. Is j a prime number?
False
Let n(o) = -52*o + 7. Suppose -5*u + 2 = -2*h, -10 = h - 3*u + 5*u. Is n(h) composite?
True
Suppose 2*x + 2*t = 332, -x + 38 = 4*t - 143. Let z = x + -108. Is z prime?
True
Let g(h) = h**3 - 4*h**2 - 6*h + 5. Let s